-7 - (4 - 3 - (-6 - -12)).
-2
13 + (2 - 7 - 1)
7
Evaluate -7 + 18 + -7 + -5.
-1
What is -3 + 1 + (7 - 8) - -2?
-1
What is 17 + -7 + (-1 - (5 - 2))?
6
What is 0 + (5 + -2 - 6)?
-3
Calculate 1 + -7 - -12 - 5.
1
What is the value of (2 - 0) + -19 + 22?
5
What is the value of -4 + (-2 - (0 + -6 + 3))?
-3
1 + -7 - (-6 + (8 - 7))
-1
4 - 1 - (-2 - -10 - 2)
-3
9 - (-4 + -2 + 11)
4
Evaluate 7 + (-2 - 3) - 4.
-2
Calculate -7 + (-2 + (-2 - -1) - -4).
-6
What is 4 + -1 + 2 + (6 - 10)?
1
What is the value of (-3 + -3 - -9) + 1?
4
What is 33 + -27 + (-1 - 4)?
1
-6 + 9 - (-4 + 2 + 2)
3
-3 + -2 + -45 + 47
-3
Calculate 0 + (2 + -5 - (0 - 5)).
2
Calculate 4 + -1 + -2 + -3.
-2
(-11 - -2) + (13 - 13)
-9
Calculate -2 + (-5 - -3) + 1.
-3
What is -1 + -1 - (0 - (2 - -2))?
2
Calculate 1 - (-8 + -2 + -1 + 7).
5
Calculate -1 + (-1 + 1 - 1 - -5).
3
Evaluate 3 + 3 + -11 + 1 + 2.
-2
What is the value of 1 - ((-1 - -5) + -3)?
0
Evaluate (3 - 6) + 5 + (0 - 3).
-1
What is the value of -2 + -7 + (-6 - -15)?
0
Calculate (-2 - -7) + (-32 - -37).
10
What is the value of -7 + 8 + -2 + -1 + 3?
1
Evaluate -7 + 0 + -5 + (18 - 5).
1
3 - (-2 + 1 + 2)
2
What is -6 + 1 + 32 + -30?
-3
Evaluate (-31 - -32) + (0 + -10 - -3).
-6
Calculate -8 + (3 - (-9 + 9)).
-5
Evaluate (2 - (-1 - -1)) + 3 + -6.
-1
0 + 5 - (93 - 83)
-5
Evaluate -6 + 3 - -2 - (-2 - 0).
1
What is the value of 10 - (23 - (-7 + 13))?
-7
What is 10 - (1 + 5) - -1 - 6?
-1
What is 0 - 1 - -4 - (-1 + -1)?
5
3 - 4 - (-1 + 1)
-1
Calculate (0 + 8 - -9) + -9 + 1.
9
Evaluate 2 + -3 + (10 - 8).
1
What is the value of -25 + 20 + 1 + 3?
-1
-7 + -1 + 6 + 4
2
What is -3 + 11 + (-8 + 8 - 3)?
5
What is -1 - (-2 + -1 + 3) - -1?
0
Calculate (-6 - -4 - 1) + -3.
-6
Calculate (-18 - -9) + (0 - -7).
-2
Evaluate -1 + (4 - 0) - 0 - 4.
-1
What is -1 - (2 + (-5 - -4)) - -3?
1
What is the value of (-10 + 15 - -2) + -13?
-6
1 + 1 + (-9 - (2 + -5))
-4
What is the value of (-7 - (-9 - 4)) + -7?
-1
What is (-22 - -15 - -14) + (-3 - 0)?
4
Evaluate 9 - 1 - (-2 + 6 + -6).
10
Evaluate -7 + 9 - (6 - -1).
-5
What is the value of (-6 - (-19 + 6)) + (2 - 16)?
-7
Evaluate (6 - 2) + -13 + 5 + -2.
-6
0 - -2 - (8 + (-3 - 1))
-2
What is the value of -6 + 5 - -4 - 1?
2
Evaluate 1 - -2 - -1 - 9.
-5
8 + 3 + (-1 - 9)
1
What is the value of -1 - (-1 - (1 + 4))?
5
-6 + 19 + -5 + -6
2
What is the value of -9 + 12 + 2 + -6 + -1?
-2
What is -4 + 0 + 0 + 0 + 1?
-3
-1 - 4 - (49 + -50)
-4
Evaluate -7 - (-3 + 4 + -3) - -2.
-3
Evaluate (-1 - 5) + 8 + -4.
-2
-1 + -2 + 5 + 0 - 2
0
Evaluate -1 + -3 + -2 - (4 + -12).
2
What is (2 - 5) + (-2 + 2 - -1)?
-2
Evaluate 0 - (-8 + 2 + 0 + 3).
3
What is the value of (-2 - -5) + -1 + -2 - 5?
-5
What is the value of 2 + (3 - (1 + 4))?
0
Evaluate -272 + 284 + (-15 - -1).
-2
What is (4 - -7) + -29 + 10?
-8
What is the value of 9 - 12 - (0 + (2 - 2))?
-3
Calculate (-3 - -4 - 3) + 0.
-2
What is the value of -1 + -4 + -11 + 11?
-5
Evaluate -3 + (-1 - 7) + 4 + 2.
-5
(-36 - -41) + 1 + -7
-1
2 - ((2 - 3) + 2)
1
Calculate 2 + -2 - (-12 - -15).
-3
What is the value of 8 - (1 - -6) - (0 - -3)?
-2
What is the value of -5 - (-17 - -18 - (-2 - -2))?
-6
What is the value of -1 + (2 - 1) - (39 + -35)?
-4
Calculate 3 + 1 + 1 + -20 + 15.
0
Evaluate (-6 - -13) + -2 - (5 - 2).
2
Evaluate -3 - (1 + -4) - (51 - 59).
8
(9 - (1 + 5)) + -6
-3
Calculate 6 + (-4 - 5 - 0).
-3
What is -4 + (-1 - (0 - 4))?
-1
4 + (-1 + 3 - 1 - 10)
-5
-3 - (-9 + (0 - (-11 - -7)))
2
Evaluate -5 + 14 - 5 - (7 + 1).
-4
What is the value of -5 + 2 + (4 - 5 - -5)?
1
Evaluate -8 + 10 + 2 + -2.
2
Evaluate 1 + (13 + -10 - 6).
-2
What is the value of 7 + -1 - (2 - -7)?
-3
Calculate (1 - -5) + 2 - 5.
3
3 + -2 + 3 + -4 + 1
1
What is the value of 16 - 20 - (-2 + -2)?
0
Calculate (1 - 6) + -1 - (-251 - -252).
-7
What is the value of 0 + -4 + (-4 - -10) - 4?
-2
3 + (1 - (5 + -5))
4
What is (-4 - (-10 + 6 + 1)) + 9?
8
Calculate 5 + (5 - 12) - 14 - -6.
-10
Evaluate 28 + -31 + 0 + 0 + 2.
-1
-1 - 1 - (-4 + -3 - -2)
3
What is the value of 0 + 1 + 0 - (90 + -90)?
1
Evaluate -2 + (2 + 7 - 5) - 1.
1
What is 5 + -3 - 0 - 6?
-4
(-23 - -17) + (-1 - -5)
-2
Calculate (-1 - 5) + -27 + 22 + 20.
9
Evaluate (9 + -20 - -6) + 10.
5
Evaluate (-2 - -1) + 6 - 2.
3
What is the value of -1 - (3 + 1 - 5)?
0
What is the value of -3 + 7 + -8 + 7?
3
Evaluate 8 + -19 + (2 - (4 + -8)).
-5
What is the value of -16 - -14 - (-1 - 6)?
5
Evaluate -5 - -12 - 14 - (-11 - 1).
5
Evaluate 30 + -30 + -3 + 1 + -1.
-3
Evaluate 3 - 3 - (20 + -24).
4
Evaluate -1 + 1 + (-3 - -4) + 1.
2
Evaluate 8 + 4 - 12 - 0.
0
Evaluate 0 + (-4 - -4 - 0).
0
Calculate (-2 - 0) + 0 + 5.
3
(7 - (4 - 3)) + -2
4
What is the value of -4 + (5 - (5 - -1))?
-5
Calculate -17 - (1 + -13) - 3.
-8
1 + -4 - (-4 + -1)
2
Evaluate -17 + (10 + -6 - -5).
-8
1 - (3 - -2) - (-8 + 8)
-4
What is the value of (0 - 0) + (-4 - 3 - -11)?
4
Calculate 9 - -2 - (-34 + 49).
-4
-4 - (5 + (4 - (11 + 0)))
-2
Evaluate -4 + -5 - -9 - 9.
-9
Calculate (30 + -2 - 28) + -1 + 9.
8
What is the value of (-25 - -33) + (-6 - 0)?
2
Calculate -1 + -2 - (-8 + 0).
5
Evaluate -3 + -4 + 1 + (0 - -1).
-5
Calculate (12 - 15) + -2 + (-3 - 2).
-10
What is (-1 - -6) + -1 + 233 + -236?
1
-1 + (-2 - (-11 - -5 - -4))
-1
1 + -1 + (7 - 6)
1
What is 2 - 4 - (-21 + 15)?
4
Evaluate -7 + (5 - 3) + 2.
-3
What is (0 - (4 - -1)) + -20 + 25?
0
Evaluate -25 - -21 - (0 - (-1 + -2)).
-7
(-3 + 9 - 8) + 8 - 10
-4
What is 5 - 1 - (-10 + 8)?
6
What is 19 + -17 + 0 + 1 + 0?
3
0 + 6 + -7 - 1 - 3
-5
Calculate -11 + 10 + (1 - -3).
3
Evaluate -11 - (-5 - (15 + -7)).
2
Evaluate -2 + (2 + 5 - 5).
0
Calculate 0 + -1 - 2 - (1 - -1).
-5
4 - (2 + -2) - (5 + -2)
1
(-9 - -11) + (0 - -1)
3
-1 + (2 - (-4 - -8))
-3
Evaluate (13 - 13) + (2 - 9).
-7
What is (-10 - -22 - 9) + -8?
-5
What is (-14 - -19) + (2 - 9)?
-2
Evaluate (-1 - 2) + -4 + 6.
-1
What is 2 + 1 - ((-2 - 1) + 2)?
4
(4 - 6) + 5 + -3 - -2
2
Calculate 4 - (8 + -2) - 7.
-9
Calculate 32 - 30 - (-2 + (-1 - 0)).
5
What is 9 - (2 - 3) - 8?
2
What is (4 + -11 - -11) + -7?
-3
Calculate -6 + 11 + -1 + -6 + -4.
-6
What is 6 + -4 + -2 - (-6 - -2)?
4
What is 11 + -5 - -4 - 6?
4
What is the value of (-147 - -148) + (1 - 2)?
0
Evaluate -3 - (-2 + -3 + -2).
4
Evaluate 5 + -2 - (0 + 0 + 2).
1
Calculate 13 + -5 + 7 + -13.
2
Evaluate -6 - -3 - (-2 - 7).
6
What is 0 - -2 - -2 - 1 - 3?
0
Calculate 0 - ((3 + 0 - 0) + -6).
3
Evaluate 12 + -8 - (5 + -2).
1
-14 + 3 + 0 + 8
-3
-1 + 0 + (5 - 2) + -8
-6
Evaluate -9 + -3 + (12 - 2).
-2
-3 + 4 + 4 - (3 + -1)
3
What is (1 - -5) + -9 + 8 + -2?
3
Evaluate -4 + 3 + (0 - -5).
4
Calculate (13 - -1 - (-37 + 42)) + 1.
10
(3 - 8) + (32 - 23)
4
Evaluate -5 - -2 - (2 + -7).
2
What is the value of 7 + -4 + 2 - 8?
-3
-8 - ((2 - 2) + -3)
-5
What is 7 - (-11 - -5 - -10 - -1)?
2
(-1 - -1 - 2 - -4) + 4
6
What is -4 + (2 - -1) - -7 - 3?
3
Evaluate -1 + (1 + -2 - -5) - 3.
0
What is the value of 5 + -1 + -5 + -1 - 5?
-7
Evaluate 5 - 1 - 7 - 3.
-6
Calculate (-6 - -1) + 1 + (1 - -8).
5
What is 2 + -2 - 3 - -7 - 3?
1
What is the value of ((-5 - -9) + -4 - 1) + -2?
-3
-6 + 1 + (5 - -6) + -1
5
Evaluate -6 - ((3 - (9 - 3)) + 0).
-3
(-1 - (-4 - -10)) + 8
1
What is the value of (3 - 0) + -7 + (-1 - -10)?
5
Evaluate -5 + -8 - ((-2 - -3) + -5).
-9
Calculate -3 + 2 + (6 + -5 - 3).
-3
What is the value of 2 + (1 - 0) - (-8 + 16)?
-5
Evaluate 3 + -8 + -3 - -4.
-4
What is the value of -5 + 3 + -7 - -15?
6
Evaluate -7 + 1 + (0 - 4 - -6).
-4
What is the value of 1 - (3 - -1 - 5 - -2)?
0
(-10 - -2) + 0 + -1 + 5
-4
What is -2 - (-1 + -8 + 4)?
3
What is 13 - ((6 - (4 + -4)) + 0)?
7
Evaluate (-5 - (9 + -13)) + 6 + -1.
4
Evaluate 18 + -15 + 2 + (2 - 9).
-2
What is (-6 - -12) + (-1 - 1) + 6?
10
Calculate 1 + -3 + 6 - -2.
6
What is -8 + (-9 - -9 - -7)?
-1
What is 2 + 0 + 1 - (5 - 1)?
-1
Calculate 2 + (2 + -1 - (7 + -2)).
-2
Calculate (-7 - -6) + 14 + -16.
-3
Calculate -3 + 6 + -3 + 7.
7
What is (5 - 2) + (-3 - 0)?
0
Calculate (2 - 9) + 17 + -2.
8
What is the value of -1 + 6 - ((1 - -2) + -1)?
3
(-2 + -7 - 1) + 16
6
What is 2 + -11 + 11 + 3?
5
(0 - 2) + (4 - 1) + 4
5
Evaluate 0 - (2 + (-5 - (-3 + 1))).
1
Evaluate (-5 - (18 - 16)) + -1 + 1.
-7
What is the value of 8 + -2 + -2 + -4?
0
Evaluate -5 + 8 - (9 + 2) - -4.
-4
-1 - (-4 - (-1 + -3))
-1
Evaluate 8 + (2 + -6 - (-2 - 0)).
6
Calculate -7 - ((12 + -6 - 6) + -4).
-3
